 - 2*y + 126 = 0, 4*h - 5*y = 209 - 41. Calculate the highest common divisor of h and 168.
42
Suppose -2*y - 1226 = -4*s, 0*s - 5*y = -s + 293. What is the highest common factor of 28 and s?
28
Let b = 192 - -132. Calculate the greatest common divisor of 36 and b.
36
Let h be 0*1*(1 + -2). Suppose -70 = -5*m - h*m. Let w = m + -8. Calculate the highest common divisor of 2 and w.
2
Let l be (-2)/7 - (-20)/(-28). Let g be l/4 + (-74)/(-8). Suppose a = -7 + 16. What is the greatest common divisor of a and g?
9
Let p be -30*(-2 - (-16)/10). Calculate the greatest common divisor of p and 30.
6
Let z be 76 - (4 - 2 - 3). Suppose 3*c + 5*v - 55 = -2*c, v - 4 = 0. What is the highest common factor of c and z?
7
Suppose -45 = b - 3*b - f, -5*f + 25 = 0. Let s = -237 + 357. What is the greatest common divisor of b and s?
20
Let k = 4 - -12. Let o = 18 + -8. Let i = o - 8. What is the greatest common divisor of k and i?
2
Let n be 1/(-5) - 102/(-10). Let v = 12 - n. What is the highest common divisor of 4 and v?
2
Suppose b + 1 = 15. Let f be (-1 - 8/(-4))*-110. Let s = 44 - f. Calculate the highest common factor of s and b.
14
Let u = 18 + -15. What is the highest common factor of 24 and u?
3
Let f(y) = 3*y**2 - 12*y + 4. Let w be f(8). Suppose -3*u - w = -8*u. Calculate the highest common divisor of u and 10.
10
Suppose 4*o - 7*o = -f - 106, 172 = 5*o - 4*f. Calculate the highest common factor of 144 and o.
36
Suppose 0 = 2*v - 185 - 11. Let z be 0 - -2*(2 - 1). Suppose 6 - v = -z*y. What is the highest common factor of 115 and y?
23
Let s(u) = -u**3 - 5*u**2 - 2*u + 2. Let g be s(-5). Suppose 13*o = 4*o + 108. Calculate the greatest common factor of g and o.
12
Let m(i) = 7*i**2 - 4*i + 4. Let s be m(3). Let d = s + -35. What is the highest common divisor of d and 5?
5
Let q be (-2)/7 - 46/(-14). Suppose 0 = 5*h + 3*s + s - 7, 0 = -q*s - 6. Suppose h*u + 32 = 176. What is the highest common factor of 12 and u?
12
Suppose 154 = 4*m + 5*k, -m + 2*k - 148 = -5*m. Calculate the highest common divisor of m and 4.
4
Let y be 3/(-15) + (-2343)/(-15). Let b be y + 2 - 1 - 3. What is the greatest common divisor of 14 and b?
14
Let m = 147 + -87. What is the highest common factor of 15 and m?
15
Let z be (-10)/4*4/(-5). Suppose -6*i + z*i = -116. Let k = i - 14. What is the greatest common divisor of k and 165?
15
Suppose -4 = u - 3*u. Suppose 0 = s + s - 36. Calculate the highest common factor of u and s.
2
Let n(k) = k**3 + 0*k**2 - 3*k**2 - 4*k**3. Let v be n(-2). Let f be v/8*(-16)/(-6). Calculate the greatest common divisor of 28 and f.
4
Suppose 6*p - 5*z = p + 65, 0 = 3*z - 6. Let j be 5*-3*(-16)/p. What is the highest common factor of j and 24?
8
Suppose -3*h - 12 = -2*h. Suppose 2*s = 3*f - 12, 4*f + 5*s = -2 - 5. Let y be ((-6)/4)/(f/h). Calculate the greatest common divisor of 81 and y.
9
Suppose 14*d - 220 = 3*d. Calculate the highest common factor of d and 20.
20
Suppose 5 = c - 2. Let w(m) = -m**2 + 8*m + 6. Let r be w(c). What is the highest common divisor of 65 and r?
13
Let y(r) = 5*r**2 + r + 1. Let u be y(-5). Let w = -202 - -213. Calculate the greatest common divisor of w and u.
11
Let b(c) = -c**3 + 10*c**2 - 3*c - 17. Let l be b(9). Calculate the highest common factor of 37 and l.
37
Let w(p) = p - 4. Let i be w(-8). Let l be 26/8 - (-3)/i. Suppose -l*m - 2*a + 44 = 0, a - 3*a - 68 = -4*m. Calculate the highest common divisor of m and 24.
8
Suppose -8*x = -4*x - 56. Suppose 5*d + 4 = -2*q, 2*q + 0*q = 4*d + x. Suppose 0 = q*p - 6 + 3. What is the highest common divisor of 4 and p?
1
Suppose 0 = 3*t + 2*p - 34, 0*p - 40 = -2*t + 3*p. What is the greatest common factor of 14 and t?
14
Suppose j - 4 = -2. Let k(f) = -4 + 3 + 36*f - 1. Let m be k(j). Calculate the greatest common divisor of m and 14.
14
Suppose 0 = -y + 4*y - 36. Let t be (-27)/36 - 102/(-8). Calculate the highest common factor of t and y.
12
Let a be (11/2)/(1/12). Calculate the highest common divisor of a and 6.
6
Let y = -254 + 145. Let s = 208 + y. Calculate the highest common factor of s and 9.
9
Let s be ((-4)/1)/(4/(-10)). What is the greatest common divisor of s and 50?
10
Let h(q) be the first derivative of q**3/3 + 3*q**2/2 + 2*q - 1. Let x be h(-5). What is the highest common divisor of 96 and x?
12
Suppose 0*q - 3*q - 69 = -o, -o + 65 = -q. Calculate the highest common factor of 9 and o.
9
Let m(s) = 13*s**2 + 4*s - 9. Let h(n) = -n - 3. Let i be h(2). Let g be m(i). What is the highest common factor of g and 37?
37
Let t = -1 - -2. Let i(q) = -q - 7. Let h be i(-3). Let p = t - h. Calculate the greatest common factor of p and 25.
5
Suppose -5*n + 3*q = 2, -4*n + 4*q = 4 + 4. Let j be (-8)/(-6) + (-4)/(-6). What is the highest common factor of j and n?
2
Let z(u) = 4*u**2. Let q be z(-1). Let s = -2 + q. Suppose 0 = -0*y - 2*y + 44. What is the highest common divisor of s and y?
2
Let x(h) = 30*h**3 - h**2 + h. Let u be x(1). Suppose 0*v = -v + u. What is the greatest common factor of v and 20?
10
Suppose -3*s = 3 + 9. Let t be 100/45 + s/18. Calculate the greatest common divisor of 22 and t.
2
Suppose -b - 76 = -3*t, 3*t + 3*b = -2*b + 52. Calculate the greatest common factor of t and 3.
3
Suppose 2*w + w = -9, 3*w + 1134 = 5*d. Suppose -6*n + d = -n. Calculate the highest common divisor of 15 and n.
15
Let r = -58 + 112. Let b = -15 - -34. Let s = b - 13. What is the greatest common divisor of r and s?
6
Let q(b) be the second derivative of 2/3*b**3 + 2*b + 0 - 1/2*b**2. Let z be q(4). What is the highest common factor of z and 60?
15
Suppose 2*t - t - 30 = 0. What is the greatest common divisor of t and 10?
10
Let g be (14/4*2)/1. Let t(v) = -v**3 - 32*v**2 + 49. Let b be t(-32). Calculate the highest common factor of b and g.
7
Suppose -14 = -7*y + 28. What is the highest common divisor of 6 and y?
6
Suppose 2*x - 131 = a + 28, -245 = -3*x - 5*a. Let b = 2 - 0. Suppose 3*z = -b*z + x. What is the greatest common divisor of z and 40?
8
Suppose -w - 13 = -2*v, -61 = 4*w - 2*w + 3*v. Let a = -42 - w. Let m = 31 + a. Calculate the greatest common factor of m and 48.
12
Let u(s) = -5*s + 8. Let i be u(-6). Suppose -2*v = -5 - 5. Suppose v*c - 623 = -i. Calculate the highest common divisor of c and 13.
13
Suppose -32 = -3*h + k, 4*h - 5*k + 0*k - 50 = 0. Let d be 5*-18*(-4)/h. Calculate the greatest common factor of d and 90.
18
Suppose 2*j = -2*j + 200. What is the highest common divisor of 10 and j?
10
Let g be (-6)/((-18)/(-8) - 3). Suppose g = 2*q - 18. Suppose -4*j - j = -455. What is the highest common divisor of q and j?
13
Let w be (6/(-8))/(2/(-24)). Suppose -4*k + 225 = k. What is the greatest common factor of w and k?
9
Suppose -292 = -j - 184. Calculate the greatest common divisor of j and 24.
12
Suppose -4*q + 42 = -q. Let k = 10 + q. Calculate the highest common divisor of 36 and k.
12
Let q be (-2)/3 + 1/(-3). Let u be q - (-188 + 4)/2. Calculate the highest common factor of 13 and u.
13
Suppose -i + 0*i = x - 159, 3*i = -4*x + 474. Suppose 0 = q + q - i. Suppose 95 = 4*a - q. Calculate the greatest common divisor of 11 and a.
11
Let b be 97/5 - (-3)/5. Calculate the highest common divisor of 50 and b.
10
Let d be (-78)/(-2)*432/81. Calculate the greatest common factor of 32 and d.
16
Let m be 40/45*36/8. Let u = -6 - -10. What is the highest common factor of u and m?
4
Let w(q) = 2*q - 1 + 5*q**2 - q + 3*q. Let n be -1*(-4)/(-3)*-3. Let c be w(n). What is the highest common divisor of 19 and c?
19
Let k(j) = j**3 + 4*j**2 - 2*j. Let z be k(-4). What is the greatest common factor of z and 64?
8
Let s(c) = -45*c + 9. Let d be s(7). Let w be d/(-7) - (-6)/21. Let y = 5 + -1. What is the greatest common factor of y and w?
4
Suppose -118 = 3*b + b - 3*f, -3*f = b + 22. Let i = -17 - b. Let l(x) = x**2 - 8*x - 7. Let a be l(-6). Calculate the greatest common divisor of a and i.
11
Suppose -17 = -4*v - 3*g, v - g = -6 + 5. Suppose 10*h - 12 = 4*h. Calculate the highest common divisor of h and v.
2
Suppose 0 = -2*d - 5*u + 32, -3*d - 5*u + 65 = 2*d. Calculate the highest common divisor of d and 44.
11
Let a = 7 - 5. Let p be 20/a*(5 - 1). Calculate the greatest common factor of 20 and p.
20
Let r = -27 + 31. Calculate the greatest common factor of r and 